{"id":9,"date":"2019-09-22T11:31:38","date_gmt":"2019-09-22T11:31:38","guid":{"rendered":"https:\/\/mk-supervision.at\/?page_id=9"},"modified":"2022-06-29T12:59:27","modified_gmt":"2022-06-29T12:59:27","slug":"startseite","status":"publish","type":"page","link":"https:\/\/mk-supervision.at\/","title":{"rendered":"Startseite"},"content":{"rendered":"<p><div class=\"fusion-fullwidth fullwidth-box fusion-builder-row-1 nonhundred-percent-fullwidth non-hundred-percent-height-scrolling\" style=\"--awb-border-radius-top-left:0px;--awb-border-radius-top-right:0px;--awb-border-radius-bottom-right:0px;--awb-border-radius-bottom-left:0px;\" ><div class=\"fusion-builder-row fusion-row\"><div class=\"fusion-layout-column fusion_builder_column fusion-builder-column-0 fusion_builder_column_1_2 1_2 fusion-one-half fusion-column-first\" style=\"--awb-bg-size:cover;--awb-margin-bottom:0px;width:48%; margin-right: 4%;\"><div class=\"fusion-column-wrapper fusion-flex-column-wrapper-legacy\"><div class=\"fusion-text fusion-text-1\"><h1 style=\"text-align: center;\"><strong>Magdalena Knoll &#8211; Supervision und Coaching<\/strong><\/h1>\n<\/div><div class=\"fusion-clearfix\"><\/div><\/div><\/div><div class=\"fusion-layout-column fusion_builder_column fusion-builder-column-1 fusion_builder_column_1_2 1_2 fusion-one-half fusion-column-last\" style=\"--awb-bg-size:cover;--awb-margin-bottom:0px;width:48%;\"><div class=\"fusion-column-wrapper fusion-flex-column-wrapper-legacy\"><div class=\"fusion-image-element fusion-image-align-center in-legacy-container\" style=\"text-align:center;--awb-caption-title-size:var(--h2_typography-font-size);--awb-caption-title-transform:var(--h2_typography-text-transform);--awb-caption-title-line-height:var(--h2_typography-line-height);--awb-caption-title-letter-spacing:var(--h2_typography-letter-spacing);\"><div class=\"imageframe-align-center\"><span class=\" fusion-imageframe imageframe-none imageframe-1 hover-type-zoomin\" style=\"border:2px solid #16667a;border-radius:20px;\"><img decoding=\"async\" width=\"300\" height=\"200\" alt=\"Magdalena Knoll\" title=\"magdalena knoll portrai\" src=\"https:\/\/mk-supervision.at\/wp-content\/uploads\/2019\/09\/magdalena-knoll_portrai-300x200.jpg\" class=\"img-responsive wp-image-24\" srcset=\"https:\/\/mk-supervision.at\/wp-content\/uploads\/2019\/09\/magdalena-knoll_portrai-200x133.jpg 200w, https:\/\/mk-supervision.at\/wp-content\/uploads\/2019\/09\/magdalena-knoll_portrai-400x267.jpg 400w, https:\/\/mk-supervision.at\/wp-content\/uploads\/2019\/09\/magdalena-knoll_portrai-600x400.jpg 600w, https:\/\/mk-supervision.at\/wp-content\/uploads\/2019\/09\/magdalena-knoll_portrai-800x533.jpg 800w, https:\/\/mk-supervision.at\/wp-content\/uploads\/2019\/09\/magdalena-knoll_portrai-1200x800.jpg 1200w\" sizes=\"(max-width: 800px) 100vw, 600px\" \/><\/span><\/div><\/div><div class=\"fusion-clearfix\"><\/div><\/div><\/div><\/div><\/div><div class=\"fusion-fullwidth fullwidth-box fusion-builder-row-2 nonhundred-percent-fullwidth non-hundred-percent-height-scrolling\" style=\"--awb-border-radius-top-left:0px;--awb-border-radius-top-right:0px;--awb-border-radius-bottom-right:0px;--awb-border-radius-bottom-left:0px;\" ><div class=\"fusion-builder-row fusion-row\"><div class=\"fusion-layout-column fusion_builder_column fusion-builder-column-2 fusion_builder_column_1_1 1_1 fusion-one-full fusion-column-first fusion-column-last\" style=\"--awb-bg-size:cover;\"><div class=\"fusion-column-wrapper fusion-column-has-shadow fusion-flex-column-wrapper-legacy\"><div class=\"fusion-sep-clear\"><\/div><div class=\"fusion-separator fusion-full-width-sep\" style=\"margin-left: auto;margin-right: auto;margin-top:35px;margin-bottom:35px;width:100%;\"><div class=\"fusion-separator-border sep-single sep-solid\" style=\"--awb-height:20px;--awb-amount:20px;border-color:#e0dede;border-top-width:1px;\"><\/div><\/div><div class=\"fusion-sep-clear\"><\/div><div class=\"fusion-clearfix\"><\/div><\/div><\/div><\/div><\/div><div class=\"fusion-fullwidth fullwidth-box fusion-builder-row-3 nonhundred-percent-fullwidth non-hundred-percent-height-scrolling\" style=\"--awb-border-radius-top-left:0px;--awb-border-radius-top-right:0px;--awb-border-radius-bottom-right:0px;--awb-border-radius-bottom-left:0px;\" ><div class=\"fusion-builder-row fusion-row\"><div class=\"fusion-layout-column fusion_builder_column fusion-builder-column-3 fusion_builder_column_1_2 1_2 fusion-one-half fusion-column-first\" style=\"--awb-bg-size:cover;width:50%;width:calc(50% - ( ( 4% ) * 0.5 ) );margin-right: 4%;\"><div class=\"fusion-column-wrapper fusion-column-has-shadow fusion-flex-column-wrapper-legacy\"><div class=\"fusion-text fusion-text-2\"><p><strong>Was ist Supervision? <\/strong><\/p>\n<p>Supervision ist eine professionelle Beratungsmethode, die Einzelpersonen, Teams und Gruppen sowie Organisationen bei deren beruflichen Herausforderungen unterst\u00fctzt. Im Mittelpunkt steht jeweils die eigene Person in ihrem beruflichen Kontext.<\/p>\n<p>Ziel von Supervision ist es, einen gesch\u00fctzten Rahmen zu schaffen, in dem berufliche Situationen reflektiert werden und L\u00f6sungen erarbeitet werden k\u00f6nnen. TeilnehmerInnen werden bef\u00e4higt, Probleme und Herausforderungen konstruktiv zu bew\u00e4ltigen, Konflikte zu l\u00f6sen und Ver\u00e4nderungsprozesse aktiv zu steuern.<\/p>\n<p>Ziele, Rahmenbedingungen und Arbeitsschritte werden immer zu Beginn des Beratungsprozesses gemeinsam gekl\u00e4rt.<\/p>\n<\/div><div class=\"fusion-clearfix\"><\/div><\/div><\/div><div class=\"fusion-layout-column fusion_builder_column fusion-builder-column-4 fusion_builder_column_1_2 1_2 fusion-one-half fusion-column-last\" style=\"--awb-bg-size:cover;width:50%;width:calc(50% - ( ( 4% ) * 0.5 ) );\"><div class=\"fusion-column-wrapper fusion-column-has-shadow fusion-flex-column-wrapper-legacy\"><div class=\"fusion-text fusion-text-3\"><p><strong>Warum Supervision \/ Coaching: <\/strong><\/p>\n<ul>\n<li>zur Reflexions- und Entscheidungshilfe bei aktuellen Anl\u00e4ssen<\/li>\n<li>als Unterst\u00fctzung in herausfordernden oder belastenden Arbeitssituationen und Konflikten<\/li>\n<li>f\u00fcr Kl\u00e4rung und Gestaltung von Aufgaben, Auftr\u00e4gen, Funktionen und Rollen<\/li>\n<li>um Begleitung bei Ver\u00e4nderungsprozessen und deren Bew\u00e4ltigung zu haben<\/li>\n<li>f\u00fcr innovative L\u00f6sungen bei Herausforderungen<\/li>\n<li>als Mobbing- und Burn Out Prophylaxe<\/li>\n<\/ul>\n<\/div><div class=\"fusion-clearfix\"><\/div><\/div><\/div><\/div><\/div><div class=\"fusion-fullwidth fullwidth-box fusion-builder-row-4 nonhundred-percent-fullwidth non-hundred-percent-height-scrolling\" style=\"--awb-border-radius-top-left:0px;--awb-border-radius-top-right:0px;--awb-border-radius-bottom-right:0px;--awb-border-radius-bottom-left:0px;\" ><div class=\"fusion-builder-row fusion-row\"><div class=\"fusion-layout-column fusion_builder_column fusion-builder-column-5 fusion_builder_column_1_1 1_1 fusion-one-full fusion-column-first fusion-column-last\" style=\"--awb-bg-size:cover;\"><div class=\"fusion-column-wrapper fusion-column-has-shadow fusion-flex-column-wrapper-legacy\"><div class=\"fusion-sep-clear\"><\/div><div class=\"fusion-separator fusion-full-width-sep\" style=\"margin-left: auto;margin-right: auto;margin-top:35px;margin-bottom:35px;width:100%;\"><div class=\"fusion-separator-border sep-single sep-solid\" style=\"--awb-height:20px;--awb-amount:20px;border-color:#e0dede;border-top-width:1px;\"><\/div><\/div><div class=\"fusion-sep-clear\"><\/div><div class=\"fusion-clearfix\"><\/div><\/div><\/div><\/div><\/div><div class=\"fusion-fullwidth fullwidth-box fusion-builder-row-5 nonhundred-percent-fullwidth non-hundred-percent-height-scrolling\" style=\"--awb-border-radius-top-left:0px;--awb-border-radius-top-right:0px;--awb-border-radius-bottom-right:0px;--awb-border-radius-bottom-left:0px;\" ><div class=\"fusion-builder-row fusion-row\"><div class=\"fusion-layout-column fusion_builder_column fusion-builder-column-6 fusion_builder_column_1_2 1_2 fusion-one-half fusion-column-first\" style=\"--awb-bg-size:cover;width:50%;width:calc(50% - ( ( 4% ) * 0.5 ) );margin-right: 4%;\"><div class=\"fusion-column-wrapper fusion-column-has-shadow fusion-flex-column-wrapper-legacy\"><div class=\"fusion-text fusion-text-4\"><p><em><strong>Kontakt:<\/strong><\/em><br \/>\n<strong>Mag.a Magdalena Knoll, MSc<br \/>\n<\/strong>Rotte W\u00fchr 4, 3332 Sonntagberg <u>und<br \/>\n<\/u>Linzer Stra\u00dfe 265\/1\/17, 1140 Wien<br \/>\n+43 650 500 73 08<br \/>\n<a href=\"mailto:kontakt@mk-supervision.at\">kontakt@mk-supervision.at<\/a><\/p>\n<\/div><div class=\"fusion-clearfix\"><\/div><\/div><\/div><div class=\"fusion-layout-column fusion_builder_column fusion-builder-column-7 fusion_builder_column_1_2 1_2 fusion-one-half fusion-column-last\" style=\"--awb-bg-size:cover;width:50%;width:calc(50% - ( ( 4% ) * 0.5 ) );\"><div class=\"fusion-column-wrapper fusion-column-has-shadow fusion-flex-column-wrapper-legacy\"><div class=\"fusion-aligncenter\"><a class=\"fusion-button button-flat fusion-button-default-size button-default fusion-button-default button-1 fusion-button-default-span fusion-button-default-type\" target=\"_self\" href=\"https:\/\/mk-supervision.at\/wp-content\/uploads\/2019\/09\/mk-supervision_infoblatt_kl_vs1_mh_20190927.pdf\"><span class=\"fusion-button-text\">Infoblatt Download<\/span><i class=\"fa-file-pdf far button-icon-right\" aria-hidden=\"true\"><\/i><\/a><\/div><div class=\"fusion-clearfix\"><\/div><\/div><\/div><\/div><\/div><\/p>\n","protected":false},"excerpt":{"rendered":"","protected":false},"author":1,"featured_media":0,"parent":0,"menu_order":0,"comment_status":"closed","ping_status":"closed","template":"","meta":{"_exactmetrics_skip_tracking":false,"_exactmetrics_sitenote_active":false,"_exactmetrics_sitenote_note":"","_exactmetrics_sitenote_category":0},"yoast_head":"<!-- This site is optimized with the Yoast SEO plugin v20.5 - https:\/\/yoast.com\/wordpress\/plugins\/seo\/ -->\n<title>Startseite - MK Supervision - Coaching - Beratung - Supervision von Magdalena Knoll aus Nieder\u00f6sterreich und Standort in Wien<\/title>\n<meta name=\"robots\" content=\"index, follow, max-snippet:-1, max-image-preview:large, max-video-preview:-1\" \/>\n<link rel=\"canonical\" href=\"https:\/\/mk-supervision.at\/\" \/>\n<meta property=\"og:locale\" content=\"de_DE\" \/>\n<meta property=\"og:type\" content=\"article\" \/>\n<meta property=\"og:title\" content=\"Startseite - MK Supervision - Coaching - Beratung - Supervision von Magdalena Knoll aus Nieder\u00f6sterreich und Standort in Wien\" \/>\n<meta property=\"og:url\" content=\"https:\/\/mk-supervision.at\/\" \/>\n<meta property=\"og:site_name\" content=\"MK Supervision - Coaching - Beratung - Supervision von Magdalena Knoll aus Nieder\u00f6sterreich und Standort in Wien\" \/>\n<meta property=\"article:modified_time\" content=\"2022-06-29T12:59:27+00:00\" \/>\n<meta name=\"twitter:card\" content=\"summary_large_image\" \/>\n<meta name=\"twitter:label1\" content=\"Gesch\u00e4tzte Lesezeit\" \/>\n\t<meta name=\"twitter:data1\" content=\"9\u00a0Minuten\" \/>\n<script type=\"application\/ld+json\" class=\"yoast-schema-graph\">{\"@context\":\"https:\/\/schema.org\",\"@graph\":[{\"@type\":\"WebPage\",\"@id\":\"https:\/\/mk-supervision.at\/\",\"url\":\"https:\/\/mk-supervision.at\/\",\"name\":\"Startseite - MK Supervision - Coaching - Beratung - Supervision von Magdalena Knoll aus Nieder\u00f6sterreich und Standort in Wien\",\"isPartOf\":{\"@id\":\"https:\/\/mk-supervision.at\/#website\"},\"datePublished\":\"2019-09-22T11:31:38+00:00\",\"dateModified\":\"2022-06-29T12:59:27+00:00\",\"breadcrumb\":{\"@id\":\"https:\/\/mk-supervision.at\/#breadcrumb\"},\"inLanguage\":\"de\",\"potentialAction\":[{\"@type\":\"ReadAction\",\"target\":[\"https:\/\/mk-supervision.at\/\"]}]},{\"@type\":\"BreadcrumbList\",\"@id\":\"https:\/\/mk-supervision.at\/#breadcrumb\",\"itemListElement\":[{\"@type\":\"ListItem\",\"position\":1,\"name\":\"Home\",\"item\":\"https:\/\/mk-supervision.at\/\"},{\"@type\":\"ListItem\",\"position\":2,\"name\":\"Startseite\"}]},{\"@type\":\"WebSite\",\"@id\":\"https:\/\/mk-supervision.at\/#website\",\"url\":\"https:\/\/mk-supervision.at\/\",\"name\":\"MK Supervision - Coaching - Beratung - Supervision von Magdalena Knoll aus Nieder\u00f6sterreich und Standort in Wien\",\"description\":\"Supervision - Coaching - Beratung\",\"potentialAction\":[{\"@type\":\"SearchAction\",\"target\":{\"@type\":\"EntryPoint\",\"urlTemplate\":\"https:\/\/mk-supervision.at\/?s={search_term_string}\"},\"query-input\":\"required name=search_term_string\"}],\"inLanguage\":\"de\"}]}<\/script>\n<!-- \/ Yoast SEO plugin. -->","yoast_head_json":{"title":"Startseite - MK Supervision - Coaching - Beratung - Supervision von Magdalena Knoll aus Nieder\u00f6sterreich und Standort in Wien","robots":{"index":"index","follow":"follow","max-snippet":"max-snippet:-1","max-image-preview":"max-image-preview:large","max-video-preview":"max-video-preview:-1"},"canonical":"https:\/\/mk-supervision.at\/","og_locale":"de_DE","og_type":"article","og_title":"Startseite - MK Supervision - Coaching - Beratung - Supervision von Magdalena Knoll aus Nieder\u00f6sterreich und Standort in Wien","og_url":"https:\/\/mk-supervision.at\/","og_site_name":"MK Supervision - Coaching - Beratung - Supervision von Magdalena Knoll aus Nieder\u00f6sterreich und Standort in Wien","article_modified_time":"2022-06-29T12:59:27+00:00","twitter_card":"summary_large_image","twitter_misc":{"Gesch\u00e4tzte Lesezeit":"9\u00a0Minuten"},"schema":{"@context":"https:\/\/schema.org","@graph":[{"@type":"WebPage","@id":"https:\/\/mk-supervision.at\/","url":"https:\/\/mk-supervision.at\/","name":"Startseite - MK Supervision - Coaching - Beratung - Supervision von Magdalena Knoll aus Nieder\u00f6sterreich und Standort in Wien","isPartOf":{"@id":"https:\/\/mk-supervision.at\/#website"},"datePublished":"2019-09-22T11:31:38+00:00","dateModified":"2022-06-29T12:59:27+00:00","breadcrumb":{"@id":"https:\/\/mk-supervision.at\/#breadcrumb"},"inLanguage":"de","potentialAction":[{"@type":"ReadAction","target":["https:\/\/mk-supervision.at\/"]}]},{"@type":"BreadcrumbList","@id":"https:\/\/mk-supervision.at\/#breadcrumb","itemListElement":[{"@type":"ListItem","position":1,"name":"Home","item":"https:\/\/mk-supervision.at\/"},{"@type":"ListItem","position":2,"name":"Startseite"}]},{"@type":"WebSite","@id":"https:\/\/mk-supervision.at\/#website","url":"https:\/\/mk-supervision.at\/","name":"MK Supervision - Coaching - Beratung - Supervision von Magdalena Knoll aus Nieder\u00f6sterreich und Standort in Wien","description":"Supervision - Coaching - Beratung","potentialAction":[{"@type":"SearchAction","target":{"@type":"EntryPoint","urlTemplate":"https:\/\/mk-supervision.at\/?s={search_term_string}"},"query-input":"required name=search_term_string"}],"inLanguage":"de"}]}},"_links":{"self":[{"href":"https:\/\/mk-supervision.at\/index.php?rest_route=\/wp\/v2\/pages\/9"}],"collection":[{"href":"https:\/\/mk-supervision.at\/index.php?rest_route=\/wp\/v2\/pages"}],"about":[{"href":"https:\/\/mk-supervision.at\/index.php?rest_route=\/wp\/v2\/types\/page"}],"author":[{"embeddable":true,"href":"https:\/\/mk-supervision.at\/index.php?rest_route=\/wp\/v2\/users\/1"}],"replies":[{"embeddable":true,"href":"https:\/\/mk-supervision.at\/index.php?rest_route=%2Fwp%2Fv2%2Fcomments&post=9"}],"version-history":[{"count":23,"href":"https:\/\/mk-supervision.at\/index.php?rest_route=\/wp\/v2\/pages\/9\/revisions"}],"predecessor-version":[{"id":42,"href":"https:\/\/mk-supervision.at\/index.php?rest_route=\/wp\/v2\/pages\/9\/revisions\/42"}],"wp:attachment":[{"href":"https:\/\/mk-supervision.at\/index.php?rest_route=%2Fwp%2Fv2%2Fmedia&parent=9"}],"curies":[{"name":"wp","href":"https:\/\/api.w.org\/{rel}","templated":true}]}}